{"id":16161,"date":"2024-09-13T23:49:45","date_gmt":"2024-09-13T21:49:45","guid":{"rendered":"https:\/\/secure2.me\/?page_id=16161"},"modified":"2024-09-19T21:43:58","modified_gmt":"2024-09-19T19:43:58","slug":"ekspertyzy-it","status":"publish","type":"page","link":"https:\/\/secure2.me\/?page_id=16161","title":{"rendered":"Ekspertyzy IT"},"content":{"rendered":"\t\t<div data-elementor-type=\"wp-page\" data-elementor-id=\"16161\" class=\"elementor elementor-16161\" data-elementor-post-type=\"page\">\n\t\t\t\t\t\t<section class=\"elementor-section elementor-top-section elementor-element elementor-element-ddb72cf elementor-section-boxed elementor-section-height-default elementor-section-height-default\" data-id=\"ddb72cf\" data-element_type=\"section\">\n\t\t\t\t\t\t<div class=\"elementor-container elementor-column-gap-default\">\n\t\t\t\t\t<div class=\"elementor-column elementor-col-100 elementor-top-column elementor-element elementor-element-e5ec92d\" data-id=\"e5ec92d\" data-element_type=\"column\">\n\t\t\t<div class=\"elementor-widget-wrap elementor-element-populated\">\n\t\t\t\t\t\t<div class=\"elementor-element elementor-element-2effaa3 elementor-widget__width-initial elementor-widget-tablet_extra__width-initial elementor-widget-mobile__width-inherit elementor-widget elementor-widget-neuros_special_text\" data-id=\"2effaa3\" data-element_type=\"widget\" data-widget_type=\"neuros_special_text.default\">\n\t\t\t\t<div class=\"elementor-widget-container\">\n\t\t\t\t\t<div class=\"special-text-wrapper\"><div class=\"special-text special-text-effect-fill\">Ekspertyzy IT<\/div><\/div>\t\t\t\t<\/div>\n\t\t\t\t<\/div>\n\t\t\t\t<div class=\"elementor-element elementor-element-faf6579 elementor-drop-cap-yes elementor-drop-cap-view-default elementor-widget elementor-widget-text-editor\" data-id=\"faf6579\" data-element_type=\"widget\" data-settings=\"{&quot;drop_cap&quot;:&quot;yes&quot;}\" data-widget_type=\"text-editor.default\">\n\t\t\t\t<div class=\"elementor-widget-container\">\n\t\t\t\t\t\t\t\t\t<p><span style=\"letter-spacing: 0em;\">W Secure2Me oferujemy profesjonalne <\/span><strong style=\"letter-spacing: 0em;\">ekspertyzy IT<\/strong><span style=\"letter-spacing: 0em;\">, kt\u00f3re pomagaj\u0105 organizacjom osi\u0105gn\u0105\u0107 najwy\u017csze standardy w zarz\u0105dzaniu technologiami, bezpiecze\u0144stwem informacji i procesami IT. Nasz zesp\u00f3\u0142 ekspert\u00f3w, z do\u015bwiadczeniem w rolach takich jak <\/span><strong style=\"letter-spacing: 0em;\">CEO<\/strong><span style=\"letter-spacing: 0em;\">, <\/span><strong style=\"letter-spacing: 0em;\">R&amp;D Director<\/strong><span style=\"letter-spacing: 0em;\">, <\/span><strong style=\"letter-spacing: 0em;\">Senior Software Engineer<\/strong><span style=\"letter-spacing: 0em;\">, <\/span><strong style=\"letter-spacing: 0em;\">Programista Systemowy<\/strong><span style=\"letter-spacing: 0em;\">, <\/span><strong style=\"letter-spacing: 0em;\">Software Developer\/Designer<\/strong><span style=\"letter-spacing: 0em;\">, realizuje zlecenia na ekspertyzy dostosowane do potrzeb klient\u00f3w w oparciu o najnowsze technologie oraz mi\u0119dzynarodowe standardy.<br><\/span><strong style=\"letter-spacing: 0em;\">Secure2Me<\/strong><span style=\"letter-spacing: 0em;\">&nbsp;<\/span><span style=\"letter-spacing: 0em;\">to firma zbudowana na wieloletnim do\u015bwiadczeniu w bran\u017cy IT oraz bezpiecze\u0144stwa danych. Nasza wiedza ekspercka obejmuje kluczowe obszary wsp\u00f3\u0142czesnych technologii, regulacji prawnych oraz cyberbezpiecze\u0144stwa. Wspieramy organizacje w zarz\u0105dzaniu ryzykiem, zapewnieniu zgodno\u015bci z przepisami oraz wdra\u017caniu nowoczesnych rozwi\u0105za\u0144 technologicznych.<\/span><\/p>\t\t\t\t\t\t\t\t<\/div>\n\t\t\t\t<\/div>\n\t\t\t\t<div class=\"elementor-element elementor-element-b3bafbd elementor-drop-cap-yes elementor-drop-cap-view-default elementor-widget elementor-widget-text-editor\" data-id=\"b3bafbd\" data-element_type=\"widget\" data-settings=\"{&quot;drop_cap&quot;:&quot;yes&quot;}\" data-widget_type=\"text-editor.default\">\n\t\t\t\t<div class=\"elementor-widget-container\">\n\t\t\t\t\t\t\t\t\t<h4>Jakie ekspertyzy oferujemy?<\/h4><p><strong>Ekspertyza w zakresie audyt\u00f3w IT i bezpiecze\u0144stwa informacji (ISO 27000)<br \/><\/strong>Realizujemy audyty IT zgodne z norm\u0105 <strong>ISO 27000<\/strong>, kt\u00f3re pozwalaj\u0105 na identyfikacj\u0119 potencjalnych zagro\u017ce\u0144, ocen\u0119 bezpiecze\u0144stwa infrastruktury IT oraz zgodno\u015bci z regulacjami, takimi jak <strong>RODO<\/strong> i <strong>NIS2<\/strong>. Zlecenia audytorskie s\u0105 realizowane przez naszych <strong>Audytor\u00f3w Wiod\u0105cych<\/strong>, kt\u00f3rzy oferuj\u0105 dog\u0142\u0119bne analizy i rekomendacje.<\/p><p><strong>Ekspertyza procesowa (ITIL)<br \/><\/strong>W ramach ekspertyz oferujemy ocen\u0119 proces\u00f3w IT zgodnie z praktykami <strong>ITIL<\/strong>. Analizujemy aktualne procesy, proponuj\u0105c optymalizacj\u0119 i wdro\u017cenie efektywnych strategii zarz\u0105dzania us\u0142ugami IT. Dzi\u0119ki naszemu do\u015bwiadczeniu w zarz\u0105dzaniu procesami mo\u017cemy usprawni\u0107 dzia\u0142anie Twojej organizacji i poprawi\u0107 jako\u015b\u0107 dostarczanych us\u0142ug.<\/p><p><strong>Ekspertyza w zakresie technologii chmurowych (AWS, Kubernetes, GCP)<br \/><\/strong>Zlecenia na ekspertyzy technologiczne w zakresie rozwi\u0105za\u0144 chmurowych obejmuj\u0105 analiz\u0119, projektowanie i wdra\u017canie system\u00f3w opartych na <strong>AWS<\/strong>, <strong>Kubernetes<\/strong> i <strong>Google Cloud Platform (GCP)<\/strong>. Pomagamy w optymalizacji proces\u00f3w migracyjnych, poprawie skalowalno\u015bci i bezpiecze\u0144stwa system\u00f3w chmurowych.<\/p><p><strong>Ekspertyza w zakresie rozwoju oprogramowania<br \/><\/strong>Oferujemy ekspertyzy w projektowaniu i wdra\u017caniu rozwi\u0105za\u0144 programistycznych, dostosowanych do specyficznych potrzeb klienta. Nasz zesp\u00f3\u0142, z do\u015bwiadczeniem jako <strong>Software Engineer\/Designer<\/strong>, dostarcza bezpieczne, skalowalne i wydajne rozwi\u0105zania, kt\u00f3re wspieraj\u0105 rozw\u00f3j biznesu.<\/p><p><strong>Ekspertyza w zarz\u0105dzaniu bezpiecze\u0144stwem IT<br \/><\/strong>Zlecenia na ekspertyzy dotycz\u0105ce bezpiecze\u0144stwa IT obejmuj\u0105 wdra\u017canie polityk i procedur zgodnych z normami <strong>ISO 27000<\/strong>, analiz\u0119 ryzyka oraz strategie ochrony danych. Nasze ekspertyzy zapewniaj\u0105 zgodno\u015b\u0107 z regulacjami prawnymi i minimalizuj\u0105 ryzyka zwi\u0105zane z cyberzagro\u017ceniami.<\/p><p><strong>Ekspertyza w projektach badawczo-rozwojowych (R&amp;D)<br \/><\/strong>Wspieramy firmy w realizacji projekt\u00f3w badawczo-rozwojowych, pomagaj\u0105c w opracowaniu innowacyjnych rozwi\u0105za\u0144 technologicznych. Nasze ekspertyzy obejmuj\u0105 definiowanie strategii R&amp;D, analiz\u0119 technologii i wspieranie wdra\u017cania nowoczesnych produkt\u00f3w.<\/p><p>Dlaczego Secure2Me?<\/p><p>Secure2Me to zesp\u00f3\u0142 specjalist\u00f3w z do\u015bwiadczeniem na kluczowych stanowiskach w bran\u017cy IT, posiadaj\u0105cych g\u0142\u0119bok\u0105 wiedz\u0119 na temat nowoczesnych technologii, zarz\u0105dzania procesami i standard\u00f3w bezpiecze\u0144stwa. Nasze ekspertyzy s\u0105 oparte na solidnych fundamentach praktyki zawodowej oraz znajomo\u015bci najnowszych technologii, SaaS<\/p><h4>Jak zleci\u0107 ekspertyz\u0119?<\/h4><p>Skontaktuj si\u0119 z nami, aby uzyska\u0107 spersonalizowan\u0105 ofert\u0119 ekspertyzy IT, dostosowan\u0105 do potrzeb Twojej organizacji. Niezale\u017cnie od tego, czy potrzebujesz audytu bezpiecze\u0144stwa, optymalizacji proces\u00f3w IT, czy wsparcia w migracji do chmury \u2013 Secure2Me dostarczy rozwi\u0105zania na najwy\u017cszym poziomie.<\/p>\t\t\t\t\t\t\t\t<\/div>\n\t\t\t\t<\/div>\n\t\t\t\t\t<\/div>\n\t\t<\/div>\n\t\t\t\t\t<\/div>\n\t\t<\/section>\n\t\t\t\t<section class=\"elementor-section elementor-top-section elementor-element elementor-element-15d9939 elementor-section-boxed elementor-section-height-default elementor-section-height-default\" data-id=\"15d9939\" data-element_type=\"section\">\n\t\t\t\t\t\t<div class=\"elementor-container elementor-column-gap-default\">\n\t\t\t\t\t<div class=\"elementor-column elementor-col-50 elementor-top-column elementor-element elementor-element-2a67a92\" data-id=\"2a67a92\" data-element_type=\"column\">\n\t\t\t<div class=\"elementor-widget-wrap elementor-element-populated\">\n\t\t\t\t\t\t<div class=\"elementor-element elementor-element-cb92f1e elementor-widget__width-initial elementor-widget elementor-widget-neuros_special_text\" data-id=\"cb92f1e\" data-element_type=\"widget\" data-widget_type=\"neuros_special_text.default\">\n\t\t\t\t<div class=\"elementor-widget-container\">\n\t\t\t\t\t<div class=\"special-text-wrapper\"><div class=\"special-text special-text-effect-fill\">Kontakt<\/div><\/div>\t\t\t\t<\/div>\n\t\t\t\t<\/div>\n\t\t\t\t\t<\/div>\n\t\t<\/div>\n\t\t\t\t<div class=\"elementor-column elementor-col-50 elementor-top-column elementor-element elementor-element-6a65431\" data-id=\"6a65431\" data-element_type=\"column\">\n\t\t\t<div class=\"elementor-widget-wrap elementor-element-populated\">\n\t\t\t\t\t\t<div class=\"elementor-element elementor-element-90d7f26 elementor-widget elementor-widget-text-editor\" data-id=\"90d7f26\" data-element_type=\"widget\" data-widget_type=\"text-editor.default\">\n\t\t\t\t<div class=\"elementor-widget-container\">\n\t\t\t\t\t\t\t\t\t<p><br \/><strong>Napisz do Nas!<\/strong><br \/><br \/><br \/><\/p>\t\t\t\t\t\t\t\t<\/div>\n\t\t\t\t<\/div>\n\t\t\t\t<div class=\"elementor-element elementor-element-6d9a0b2 elementor-widget elementor-widget-wpforms\" data-id=\"6d9a0b2\" data-element_type=\"widget\" data-widget_type=\"wpforms.default\">\n\t\t\t\t<div class=\"elementor-widget-container\">\n\t\t\t\t\t<div class=\"wpforms-container wpforms-container-full wpforms-render-modern\" id=\"wpforms-15629\"><form id=\"wpforms-form-15629\" class=\"wpforms-validate wpforms-form wpforms-ajax-form\" data-formid=\"15629\" method=\"post\" enctype=\"multipart\/form-data\" action=\"\/index.php?rest_route=%2Fwp%2Fv2%2Fpages%2F16161\" data-token=\"968d9c89a4f68a3c5bdba653ab1e6f78\" data-token-time=\"1776522770\"><noscript class=\"wpforms-error-noscript\">Aby wype\u0142ni\u0107 ten formularz, w\u0142\u0105cz obs\u0142ug\u0119 JavaScript w przegl\u0105darce.<\/noscript><div id=\"wpforms-error-noscript\" style=\"display: none;\">Aby wype\u0142ni\u0107 ten formularz, w\u0142\u0105cz obs\u0142ug\u0119 JavaScript w przegl\u0105darce.<\/div><div class=\"wpforms-field-container\"><div id=\"wpforms-15629-field_3-container\" class=\"wpforms-field wpforms-field-email\" data-field-id=\"3\"><fieldset><legend class=\"wpforms-field-label\">Email <span class=\"wpforms-required-label\" aria-hidden=\"true\">*<\/span><\/legend><div class=\"wpforms-field-row wpforms-field-large\"><div class=\"wpforms-field-row-block wpforms-one-half wpforms-first\"><input type=\"email\" id=\"wpforms-15629-field_3\" class=\"wpforms-field-required wpforms-field-email-primary\" name=\"wpforms[fields][3][primary]\" placeholder=\"Email\" spellcheck=\"false\" aria-errormessage=\"wpforms-15629-field_3-error\" required><label for=\"wpforms-15629-field_3\" class=\"wpforms-field-sublabel after wpforms-sublabel-hide\">Adres e-mail<\/label><\/div><div class=\"wpforms-field-row-block wpforms-one-half\"><input type=\"email\" id=\"wpforms-15629-field_3-secondary\" class=\"wpforms-field-email-secondary wpforms-field-required\" data-rule-confirm=\"#wpforms-15629-field_3\" name=\"wpforms[fields][3][secondary]\" placeholder=\"Potwierd\u017a Email\" spellcheck=\"false\" aria-errormessage=\"wpforms-15629-field_3-secondary-error\" required><label for=\"wpforms-15629-field_3-secondary\" class=\"wpforms-field-sublabel after wpforms-sublabel-hide\">Potwierd\u017a adres e-mail<\/label><\/div><\/div><\/fieldset><\/div>\t\t<div id=\"wpforms-15629-field_1-container\"\n\t\t\tclass=\"wpforms-field wpforms-field-text\"\n\t\t\tdata-field-type=\"text\"\n\t\t\tdata-field-id=\"1\"\n\t\t\t>\n\t\t\t<label class=\"wpforms-field-label\" for=\"wpforms-15629-field_1\" >Email Wiadomo\u015b\u0107<\/label>\n\t\t\t<input type=\"text\" id=\"wpforms-15629-field_1\" class=\"wpforms-field-medium\" name=\"wpforms[fields][1]\" >\n\t\t<\/div>\n\t\t<div id=\"wpforms-15629-field_5-container\" class=\"wpforms-field wpforms-field-textarea\" data-field-id=\"5\"><label class=\"wpforms-field-label\" for=\"wpforms-15629-field_5\">Wiadomo\u015b\u0107 <span class=\"wpforms-required-label\" aria-hidden=\"true\">*<\/span><\/label><textarea id=\"wpforms-15629-field_5\" class=\"wpforms-field-small wpforms-field-required\" name=\"wpforms[fields][5]\" placeholder=\"Napisz do Nas!\" aria-errormessage=\"wpforms-15629-field_5-error\" aria-describedby=\"wpforms-15629-field_5-description\" required><\/textarea><div id=\"wpforms-15629-field_5-description\" class=\"wpforms-field-description\">+48 608 070 004<\/div><\/div><script>\n\t\t\t\t( function() {\n\t\t\t\t\tconst style = document.createElement( 'style' );\n\t\t\t\t\tstyle.appendChild( document.createTextNode( '#wpforms-15629-field_1-container { position: absolute !important; overflow: hidden !important; display: inline !important; height: 1px !important; width: 1px !important; z-index: -1000 !important; padding: 0 !important; } #wpforms-15629-field_1-container input { visibility: hidden; } #wpforms-conversational-form-page #wpforms-15629-field_1-container label { counter-increment: none; }' ) );\n\t\t\t\t\tdocument.head.appendChild( style );\n\t\t\t\t\tdocument.currentScript?.remove();\n\t\t\t\t} )();\n\t\t\t<\/script><\/div><!-- .wpforms-field-container --><div class=\"wpforms-recaptcha-container wpforms-is-recaptcha wpforms-is-recaptcha-type-v3\" ><input type=\"hidden\" name=\"wpforms[recaptcha]\" value=\"\"><\/div><div class=\"wpforms-submit-container\" ><input type=\"hidden\" name=\"wpforms[id]\" value=\"15629\"><input type=\"hidden\" name=\"page_title\" value=\"\"><input type=\"hidden\" name=\"page_url\" value=\"https:\/\/secure2.me\/index.php?rest_route=\/wp\/v2\/pages\/16161\"><input type=\"hidden\" name=\"url_referer\" value=\"\"><button type=\"submit\" name=\"wpforms[submit]\" id=\"wpforms-submit-15629\" class=\"wpforms-submit\" data-alt-text=\"Wys\u0142ane...\" data-submit-text=\"Wy\u015blij\" aria-live=\"assertive\" value=\"wpforms-submit\">Wy\u015blij<\/button><img decoding=\"async\" src=\"https:\/\/secure2.me\/wp-content\/plugins\/wpforms-lite\/assets\/images\/submit-spin.svg\" class=\"wpforms-submit-spinner\" style=\"display: none;\" width=\"26\" height=\"26\" alt=\"Wczytywanie\"><\/div><\/form><\/div>  <!-- .wpforms-container -->\t\t\t\t<\/div>\n\t\t\t\t<\/div>\n\t\t\t\t\t<\/div>\n\t\t<\/div>\n\t\t\t\t\t<\/div>\n\t\t<\/section>\n\t\t\t\t<\/div>\n\t\t","protected":false},"excerpt":{"rendered":"<p>W Secure2Me oferujemy profesjonalne ekspertyzy IT, kt\u00f3re pomagaj\u0105 organizacjom osi\u0105gn\u0105\u0107 najwy\u017csze standardy w zarz\u0105dzaniu technologiami, bezpiecze\u0144stwem informacji i procesami IT. Nasz zesp\u00f3\u0142 ekspert\u00f3w, z do\u015bwiadczeniem w rolach takich jak CEO, R&amp;D Director, Senior Software Engineer, Programista Systemowy, Software Developer\/Designer, realizuje zlecenia&#8230;<\/p>\n","protected":false},"author":1,"featured_media":0,"parent":0,"menu_order":0,"comment_status":"closed","ping_status":"closed","template":"","meta":{"footnotes":""},"class_list":["post-16161","page","type-page","status-publish","hentry"],"_links":{"self":[{"href":"https:\/\/secure2.me\/index.php?rest_route=\/wp\/v2\/pages\/16161","targetHints":{"allow":["GET"]}}],"collection":[{"href":"https:\/\/secure2.me\/index.php?rest_route=\/wp\/v2\/pages"}],"about":[{"href":"https:\/\/secure2.me\/index.php?rest_route=\/wp\/v2\/types\/page"}],"author":[{"embeddable":true,"href":"https:\/\/secure2.me\/index.php?rest_route=\/wp\/v2\/users\/1"}],"replies":[{"embeddable":true,"href":"https:\/\/secure2.me\/index.php?rest_route=%2Fwp%2Fv2%2Fcomments&post=16161"}],"version-history":[{"count":110,"href":"https:\/\/secure2.me\/index.php?rest_route=\/wp\/v2\/pages\/16161\/revisions"}],"predecessor-version":[{"id":16826,"href":"https:\/\/secure2.me\/index.php?rest_route=\/wp\/v2\/pages\/16161\/revisions\/16826"}],"wp:attachment":[{"href":"https:\/\/secure2.me\/index.php?rest_route=%2Fwp%2Fv2%2Fmedia&parent=16161"}],"curies":[{"name":"wp","href":"https:\/\/api.w.org\/{rel}","templated":true}]}}